 4/a + (-2220)/(-45)?
2, 5
Suppose w - 13159 = -5*c, 5*w - 950 = 5*c + 64755. What are the prime factors of w?
2, 31, 53
Suppose -711 = -2*j + 493. Suppose 0 = -g + 364 + j. Suppose 8*y = y + g. List the prime factors of y.
2, 3, 23
Suppose -103*v + 92884 = -98*v + 4*x, -2*v + x + 37164 = 0. List the prime factors of v.
2, 5, 929
Suppose 0 = 2*t + w - 88170, 44100 = t + 26*w - 28*w. List the prime factors of t.
2, 3, 11, 167
Let t(k) = 1. Let f(s) = -2*s + 14. Let b(m) = -f(m) + 4*t(m). Let o be b(4). Let r = o + 74. List the prime factors of r.
2, 3
Let c(x) = -115*x + 1856. What are the prime factors of c(-8)?
2, 347
Let m = -46028 - -30092. List the prime factors of 14/(-77) - m/44.
2, 181
Suppose -44*i + 362712 = -2*i. List the prime factors of i.
2, 17, 127
Suppose -5*t + 141*f + 182001 = 144*f, 4*t - 5*f = 145660. What are the prime factors of t?
3, 5, 809
List the prime factors of (11 + 700/(-84))/(4/35859).
2, 11953
Let c be (-6)/(((-28)/32)/(-7)). Let m be (17/34)/((-2)/c). Let g = -5 + m. What are the prime factors of g?
7
Let s = -49 - -128. Suppose -71*a = -s*a + 1472. What are the prime factors of a?
2, 23
Let g = -166482 + 240150. What are the prime factors of g?
2, 3, 7, 877
Suppose 0 = -3*l + 18, f + 2*f - 5*l = 81141. What are the prime factors of f?
3, 29, 311
Let h = -189 - -283. Let o = 40 - h. What are the prime factors of (2/8)/(9/o)*-42?
3, 7
Suppose 3*f + 122 = -2*m, -5*f - 282 = 5*m + 13. Let r = m - -53. What are the prime factors of 41 - (1/r + 25/(-10))?
2, 11
Suppose 4*v = -0*v - 40. Suppose 9198*w - 264 = 9231*w. What are the prime factors of ((-2)/(w/12))/((-3)/v)?
2, 5
Let v(q) = 238*q**3 + 9*q**2 + 2*q - 33. List the prime factors of v(3).
2, 3, 5
Suppose -1852936 = -79*p + 702082. List the prime factors of p.
2, 103, 157
Let f(w) = -64*w - 3. Let t = 2 + 2. Let p be (-4 - -8)/t + -3. What are the prime factors of f(p)?
5
Let n(w) = 13*w**3 + 11*w**2 - 74*w + 8. What are the prime factors of n(8)?
2, 7, 11
Let c(x) = -2*x**2 - 14*x - 38. Let m be c(-14). Let g = -46 - m. What are the prime factors of g?
2, 47
Let q(a) = -a**3 - 22*a**2 - 152*a + 763. List the prime factors of q(-44).
3, 7, 2383
Let q(p) = p**3 - 100*p**2 - 192*p - 186. List the prime factors of q(102).
2, 3, 173
Let r(f) = -f**3 - 2*f**2 + 3*f + 3. Let y be r(-3). Suppose q - 67 = 3*l, 2*q + 69 = y*q - 5*l. What are the prime factors of q?
2
Suppose 7*m - m = -3*m. Suppose m = -4*b + 1379 + 1313. What are the prime factors of b?
673
Suppose -26*k - 134990 = -37*k - 20359. What are the prime factors of k?
17, 613
Suppose -3*a = -5*y + 1718, 3*a + 935 + 777 = -y. Let r = a - -807. What are the prime factors of r?
2, 59
Suppose 5*a = -4*c - 20, -3*a - 61 = -5*c - 12. Let s(n) = -32*n - 120. List the prime factors of s(a).
2, 17
Suppose -103*h - 23*h + 20*h + 2124664 = 0. List the prime factors of h.
2, 5011
Suppose -3*g = -g - 4. Let c(n) = -100*n + 44. Let v be c(-4). Suppose -2*m + 4*j = -v + 94, 4*m + g*j = 670. List the prime factors of m.
13
Let l(m) = -14*m - 9. Let z = 33 - 40. Let y be l(z). Let x = -19 + y. List the prime factors of x.
2, 5, 7
Let p(h) = -2562*h - 2679. List the prime factors of p(-9).
3, 6793
Let v be (-2)/(-8) - 245/(-28). Let f(j) = 3*j**2 - j. Let p(z) = -2*z**2 + 5*z + 26. Let d(y) = f(y) + p(y). What are the prime factors of d(v)?
11, 13
Suppose -39*r + 110628 = -70488. What are the prime factors of r?
2, 3, 43
Let x be (2122/(-6) + 11)*(-3)/2. Suppose -x = -3*f - 2*u - 0*u, 0 = f - 5*u - 177. List the prime factors of f.
2, 43
Suppose 3684*w - 3686*w + 132726 = 0. What are the prime factors of w?
3, 11, 2011
Suppose -6*r - 5203 = -18151. What are the prime factors of r?
2, 13, 83
Suppose 5*c + 41404 - 155399 = 0. What are the prime factors of c?
7, 3257
Let x(s) = 724*s**2 + 102*s + 878. What are the prime factors of x(-8)?
2, 3, 11, 19, 37
Suppose 0*d = 3*z + d + 163, z + 73 = -5*d. Let w = z + 77. List the prime factors of w.
2, 3
Let s(z) be the second derivative of z**4/12 + 13*z**3/6 + 21*z**2/2 - 6*z. Let b be s(-9). List the prime factors of (4/6 - 2390/b) + 3.
163
Let s = 84969 - 56184. List the prime factors of s.
3, 5, 19, 101
Let a(x) be the third derivative of 7*x**5/15 - 5*x**4/24 + x**3 + 21*x**2. Let h be a(2). Let t = h - 65. List the prime factors of t.
43
Let p(c) = 2 - 8 - 17*c + 11 - 2*c**2 + c**3 - 14*c**2. Let x be p(17). Suppose -o - 3*b + 22 = -130, -x*b = -4*o + 642. List the prime factors of o.
2, 79
Let z = -18 + 27. Suppose -z*y - 8*y = -8636. What are the prime factors of y?
2, 127
Let h = -27715 + 54200. List the prime factors of h.
5, 5297
Let l = 54562 - 37595. What are the prime factors of l?
19, 47
Let x(r) = -3*r**2 - 13*r - 20. Let c be x(-5). List the prime factors of 12261/18 + (-25)/c.
2, 11, 31
Let b be 2 - (15/(-75) - (-6)/5). Let u be b*-4*(163/4 + -3). Let t = -118 - u. What are the prime factors of t?
3, 11
Let c(f) = -10*f**2 - 89*f + 8*f + 11 + 68*f + 2*f**3. List the prime factors of c(11).
2, 3, 5, 11
Let m(o) = 2*o**2 - 13*o - 1. Let p = 5 + -47. Let z be (371/p - 1/6) + 2. What are the prime factors of m(z)?
2, 47
What are the prime factors of (114768/(-288))/(-2*(-2)/(-144))?
2, 3, 797
Suppose 20472 - 233272 = -20*c - 30*c. What are the prime factors of c?
2, 7, 19
Suppose 2*d + 21389 = s, -3*s = 12*d - 8*d - 64147. What are the prime factors of s?
5, 7, 13, 47
Suppose -z = -5*p + 2*z + 12794, 0 = -p - 4*z + 2545. Suppose -11555 = -16*c + p. What are the prime factors of c?
2, 3, 7
Suppose 602280 = -29*b + 127*b - 212394. List the prime factors of b.
3, 17, 163
What are the prime factors of (9 - -3)/4*1987?
3, 1987
Suppose 306 = -6*g + 24. Let y(a) = a + 153. List the prime factors of y(g).
2, 53
Let p(k) = k**3 + 30*k**2 - 36*k + 2. What are the prime factors of p(-23)?
3, 1511
Let u be 10/45 - (3 - (-52)/(-9)). What are the prime factors of (-5 + 4 - 2) + 321*u?
2, 3, 5
Let s = 874 + 26254. What are the prime factors of s?
2, 3391
Let g(v) = 4*v + 20. Let b be g(-5). Let x(r) = -r**3 - r**2 + 3*r + 241. List the prime factors of x(b).
241
Suppose 284*h + 9*h - 30272282 + 7666746 = 0. List the prime factors of h.
2, 2411
Let k(l) = 271*l**2 + 3*l + 13. Let h be k(-2). Let x = -957 + h. What are the prime factors of x?
2, 67
Suppose -5*d = 3*u - 35424, 22*d + 4*u - 14178 = 20*d. What are the prime factors of d?
3, 787
Let d = -18743 - -40222. List the prime factors of d.
47, 457
Suppose 3*h + 9 = -3*r + 4*h, 2*h = -4*r - 2. Let y be (r/4)/(5/(-1260)). Suppose -y = -13*q + 7*q. List the prime factors of q.
3, 7
Suppose -2*f = -136*u + 139*u - 8602, -4*f + 3*u = -17186. What are the prime factors of f?
2, 7, 307
Let y(t) be the second derivative of -2*t**3/3 - 15*t**2/2 + 146*t. List the prime factors of y(-27).
3, 31
Let p = 32356 + -3929. List the prime factors of p.
7, 31, 131
Let b(l) = 3*l**2 - 31*l + 27*l + 1 - 4. Suppose -36*v - 35 = -31*v. What are the prime factors of b(v)?
2, 43
Let d be (804 - 3)*((-26)/(-6) + -4). Let w = -144 + d. What are the prime factors of w?
3, 41
Suppose -f - 5*t = 71, -4*f - 210 - 158 = -t. What are the prime factors of 48900/42 + 26/f?
2, 3, 97
Suppose 0 = -4*m - 4*d + 28, -4*d = 5*m - 2*d - 26. Suppose -m*i + 2056 = 4*a - 8*i, 3*i - 502 = -a. List the prime factors of a.
7, 73
Suppose -7*c = 3*c + 60. Let i(q) = -141*q + 14. Let w be i(c). Suppose -6*a = -11*a + w. List the prime factors of a.
2, 43
Let b(y) = -3*y**3 - 93*y**2 - 1451*y + 19. What are the prime factors of b(-15)?
2, 1373
Let v = -12548 - -29205. List the prime factors of v.
16657
Let a = -901 - -668. Let m = a + 724. What are the prime factors of m?
491
Suppose 2*b + 402 = -b. Let v = 355 + b. List the prime factors of v.
13, 17
Let s(w) = w**2 - 3*w - 2. Let x be s(4). Let j(r) = 6*r**2 + 60*r - 58. Let b be j(-11). Suppose -x*q = -b, -h + 12 = q - 14. List the prime factors of h.
2, 11
Let p(a) = 111*a**3 - a - 2. Let k be p(-1). What are the prime factors of (-16)/k - 1336/(-7)?
191
Let h(j) = 1700*j - 133. List the prime factors of h(9).
29, 523
Let f(s) = 2*s**3 + 14*s**2 + 54*s - 443. List the prime factors of f(7).
1307
What are the prime factors of -865*((-33)/55)/3?
173
Let u(n) = 665*n**2 - 10*n - 11. Suppose -16*a = -3*x - 14*a + 3, 2*a + 4 = 2*x